 by 27405.
15
Calculate the remainder when 165718500 is divided by 55239493.
21
Calculate the remainder when 3914808 is divided by 326232.
24
What is the remainder when 9062997 is divided by 72?
69
Calculate the remainder when 169267782 is divided by 1381.
1374
What is the remainder when 1604984 is divided by 2772?
2768
Calculate the remainder when 23418031 is divided by 44.
43
Calculate the remainder when 147989 is divided by 7045.
44
Calculate the remainder when 209788 is divided by 69444.
1456
What is the remainder when 34196 is divided by 3796?
32
Calculate the remainder when 75838 is divided by 8370.
508
What is the remainder when 1139606 is divided by 200?
6
Calculate the remainder when 32416036 is divided by 71.
63
Calculate the remainder when 181132 is divided by 742.
84
What is the remainder when 213643 is divided by 487?
337
What is the remainder when 479370 is divided by 68468?
94
What is the remainder when 178407 is divided by 445?
407
Calculate the remainder when 703632 is divided by 351816.
0
Calculate the remainder when 16787 is divided by 1306.
1115
What is the remainder when 47059 is divided by 2423?
1022
What is the remainder when 39843 is divided by 676?
635
What is the remainder when 43681 is divided by 4949?
4089
What is the remainder when 2829813 is divided by 13?
12
What is the remainder when 3438814 is divided by 1312?
62
What is the remainder when 6176593 is divided by 640?
593
Calculate the remainder when 24222 is divided by 1999.
234
Calculate the remainder when 12250261 is divided by 1044.
1009
Calculate the remainder when 2152241 is divided by 43.
5
What is the remainder when 4515658 is divided by 112891?
18
Calculate the remainder when 250299367 is divided by 1229.
1227
What is the remainder when 154467 is divided by 11879?
40
Calculate the remainder when 28883503 is divided by 2449.
2446
Calculate the remainder when 2920687 is divided by 12.
7
Calculate the remainder when 52344269 is divided by 33.
32
Calculate the remainder when 2928387 is divided by 1053.
1047
What is the remainder when 4154325 is divided by 103858?
5
What is the remainder when 561235 is divided by 2079?
1984
What is the remainder when 39765 is divided by 2304?
597
What is the remainder when 27993 is divided by 6250?
2993
What is the remainder when 113888 is divided by 8127?
110
Calculate the remainder when 5140808 is divided by 183600.
8
Calculate the remainder when 3657 is divided by 3121.
536
What is the remainder when 46723878 is divided by 1187?
1184
What is the remainder when 1925024 is divided by 60145?
384
Calculate the remainder when 6080167 is divided by 675571.
28
Calculate the remainder when 3145706 is divided by 485.
481
Calculate the remainder when 397450 is divided by 6410.
30
Calculate the remainder when 116486 is divided by 452.
322
What is the remainder when 104665 is divided by 52310?
45
What is the remainder when 84710 is divided by 4433?
483
What is the remainder when 110967 is divided by 7925?
17
Calculate the remainder when 1568696 is divided by 261447.
14
Calculate the remainder when 14364061 is divided by 861.
859
What is the remainder when 66360 is divided by 31721?
2918
Calculate the remainder when 124976 is divided by 3471.
20
What is the remainder when 371361 is divided by 83?
19
Calculate the remainder when 1347699 is divided by 449205.
84
Calculate the remainder when 14303374 is divided by 16.
14
Calculate the remainder when 1378943 is divided by 63.
62
What is the remainder when 346894 is divided by 735?
709
What is the remainder when 15213568 is divided by 3042707?
33
Calculate the remainder when 136527 is divided by 6289.
4458
Calculate the remainder when 34569744 is divided by 2659211.
1
Calculate the remainder when 8166870 is divided by 11021.
309
What is the remainder when 69664113 is divided by 2123?
2114
Calculate the remainder when 607877 is divided by 121565.
52
What is the remainder when 4669928 is divided by 338?
120
Calculate the remainder when 1499832 is divided by 59941.
1307
What is the remainder when 21019 is divided by 4170?
169
What is the remainder when 297449 is divided by 2253?
53
Calculate the remainder when 10432 is divided by 4609.
1214
Calculate the remainder when 1059292 is divided by 455.
52
What is the remainder when 4245385 is divided by 146392?
17
What is the remainder when 1436827 is divided by 4026?
3571
What is the remainder when 25162695 is divided by 2096891?
3
Calculate the remainder when 5593285 is divided by 31.
17
What is the remainder when 9732612 is divided by 528?
516
Calculate the remainder when 2375626 is divided by 1496.
1474
Calculate the remainder when 56697 is divided by 4052.
4021
What is the remainder when 807386339 is divided by 5?
4
Calculate the remainder when 5155800 is divided by 48.
24
Calculate the remainder when 382251 is divided by 63707.
9
Calculate the remainder when 17602849 is divided by 4981.
4976
Calculate the remainder when 80403 is divided by 698.
133
Calculate the remainder when 23602316 is divided by 80.
76
What is the remainder when 125733920 is divided by 658?
648
Calculate the remainder when 4898643 is divided by 13.
9
What is the remainder when 556104 is divided by 484?
472
Calculate the remainder when 1557834 is divided by 389119.
1358
What is the remainder when 1181155 is divided by 308?
283
Calculate the remainder when 33871007 is divided by 16935496.
15
What is the remainder when 1075643 is divided by 289?
274
What is the remainder when 5021355 is divided by 3475?
3455
Calculate the remainder when 159301 is divided by 3455.
371
Calculate the remainder when 1203486 is divided by 2446.
54
Calculate the remainder when 4560591 is divided by 132.
123
Calculate the remainder when 4688247 is divided by 8585.
837
Calculate the remainder when 20908 is divided by 10110.
688
What is the remainder when 40282 is divided by 164?
102
Calculate the remainder when 125725 is divided by 21.
19
What is the remainder when 326666 is divided by 1281?
11
What is the remainder when 821996 is divided by 29357?
0
What is the remainder when 51800 is divided by 3768?
2816
What is the remainder when 1283307 is divided by 17?
11
What is the remainder when 51710678 is divided by 196?
194
What is the remainder when 20904 is divided by 552?
480
Calculate the remainder when 2789097 is divided by 1095.
132
What is the remainder when 11096 is divided by 3516?
548
Calculate the remainder when 363153 is divided by 12522.
15
Calculate the remainder when 111749 is divided by 111287.
462
Calculate the remainder when 5588096 is divided by 310449.
14
What is the remainder when 14821445 is divided by 9032?
8965
What is the remainder when 1094062 is divided by 147?
88
Calculate the remainder when 14237349 is divided by 7866.
7755
What is the remainder when 2668714 is divided by 8766?
3850
Calculate the remainder when 786804 is divided by 261810.
1374
What is the remainder when 33929 is divided by 11041?
806
Calculate the remainder when 34237139 is divided by 255501.
5
Calculate the remainder when 487495 is divided by 181.
62
Calculate the remainder when 185220415 is divided by 2068.
2063
Calculate the remainder when 3562161 is divided by 45.
6
Calculate the remainder when 75997 is divided by 75795.
202
Calculate the remainder when 447939 is divided by 89293.
1474
What is the remainder when 175721 is divided by 5862?
5723
What is the remainder when 31445625 is divided by 53?
36
What is the remainder when 405124 is divided by 405124?
0
What is the remainder when 83749638 is divided by 83749634?
4
What is the remainder when 152699 is divided by 81?
14
Calculate the remainder when 2166874 is divided by 2413.
0
What is the remainder when 564150138 is divided by 207?
204
Calculate the remainder when 5371414 is divided by 139.
37
What is the remainder when 699533 is divided by 1388?
1369
Calculate the remainder when 83273 is divided by 820.
453
What is the remainder when 9498064 is divided by 9498051?
13
Calculate the remainder when 690689 is divided by 28765.
329
What is the remainder when 205594377 is divided by 90?
87
What is the remainder when 53618 is divided by 10405?
1593
Calculate the remainder when 3355597 is divided by 35.
7
Calculate the remainder when 588585 is divided by 